7
List the prime factors of 35413.
7, 5059
List the prime factors of 30546.
2, 3, 1697
List the prime factors of 23127.
3, 13, 593
List the prime factors of 779.
19, 41
What are the prime factors of 1434?
2, 3, 239
List the prime factors of 9620.
2, 5, 13, 37
What are the prime factors of 13050?
2, 3, 5, 29
What are the prime factors of 4939?
11, 449
What are the prime factors of 13327?
13327
What are the prime factors of 2463?
3, 821
What are the prime factors of 11834?
2, 61, 97
List the prime factors of 109.
109
List the prime factors of 176172.
2, 3, 53, 277
List the prime factors of 23275.
5, 7, 19
What are the prime factors of 3613?
3613
What are the prime factors of 31963?
31963
List the prime factors of 939.
3, 313
List the prime factors of 2307.
3, 769
List the prime factors of 3398.
2, 1699
What are the prime factors of 13573?
7, 277
List the prime factors of 1582.
2, 7, 113
What are the prime factors of 16550?
2, 5, 331
What are the prime factors of 13965?
3, 5, 7, 19
What are the prime factors of 67004?
2, 7, 2393
List the prime factors of 1488.
2, 3, 31
List the prime factors of 27611.
27611
What are the prime factors of 431?
431
List the prime factors of 11575.
5, 463
List the prime factors of 97336.
2, 23
List the prime factors of 170769.
3, 56923
List the prime factors of 34822.
2, 23, 757
List the prime factors of 14637.
3, 7, 17, 41
What are the prime factors of 1639?
11, 149
List the prime factors of 12815.
5, 11, 233
List the prime factors of 66040.
2, 5, 13, 127
List the prime factors of 8294.
2, 11, 13, 29
What are the prime factors of 12066?
2, 3, 2011
List the prime factors of 146.
2, 73
What are the prime factors of 5255?
5, 1051
List the prime factors of 7285.
5, 31, 47
List the prime factors of 17263.
61, 283
List the prime factors of 20246.
2, 53, 191
What are the prime factors of 20685?
3, 5, 7, 197
What are the prime factors of 19251?
3, 23, 31
What are the prime factors of 1338?
2, 3, 223
What are the prime factors of 1672?
2, 11, 19
List the prime factors of 54025.
5, 2161
List the prime factors of 16692.
2, 3, 13, 107
List the prime factors of 1592.
2, 199
List the prime factors of 13554.
2, 3, 251
What are the prime factors of 56?
2, 7
List the prime factors of 11691.
3, 433
What are the prime factors of 105?
3, 5, 7
What are the prime factors of 417?
3, 139
List the prime factors of 1363.
29, 47
What are the prime factors of 8245?
5, 17, 97
List the prime factors of 2986.
2, 1493
List the prime factors of 132308.
2, 11, 31, 97
What are the prime factors of 1998?
2, 3, 37
What are the prime factors of 71906?
2, 157, 229
What are the prime factors of 7576?
2, 947
What are the prime factors of 7540?
2, 5, 13, 29
What are the prime factors of 11124?
2, 3, 103
What are the prime factors of 42861?
3, 7, 13, 157
List the prime factors of 11927.
11927
List the prime factors of 6903.
3, 13, 59
What are the prime factors of 131051?
29, 4519
List the prime factors of 5329.
73
List the prime factors of 2210.
2, 5, 13, 17
List the prime factors of 33571.
59, 569
List the prime factors of 428.
2, 107
List the prime factors of 7397.
13, 569
List the prime factors of 29977.
31, 967
What are the prime factors of 36167?
59, 613
List the prime factors of 16616.
2, 31, 67
List the prime factors of 2648.
2, 331
What are the prime factors of 4041?
3, 449
List the prime factors of 20456.
2, 2557
List the prime factors of 3362.
2, 41
What are the prime factors of 3002?
2, 19, 79
What are the prime factors of 149011?
149011
List the prime factors of 1037.
17, 61
List the prime factors of 22310.
2, 5, 23, 97
What are the prime factors of 24183?
3, 2687
What are the prime factors of 1293?
3, 431
List the prime factors of 56693.
7, 13, 89
What are the prime factors of 12865?
5, 31, 83
What are the prime factors of 775?
5, 31
What are the prime factors of 32584?
2, 4073
What are the prime factors of 41707?
179, 233
List the prime factors of 23612.
2, 5903
List the prime factors of 19689.
3, 6563
List the prime factors of 518.
2, 7, 37
List the prime factors of 89870.
2, 5, 11, 19, 43
List the prime factors of 11229.
3, 19, 197
List the prime factors of 4160.
2, 5, 13
List the prime factors of 84471.
3, 37, 761
List the prime factors of 170558.
2, 107, 797
What are the prime factors of 13979?
7, 1997
List the prime factors of 12546.
2, 3, 17, 41
What are the prime factors of 1198?
2, 599
What are the prime factors of 15329?
15329
List the prime factors of 2438.
2, 23, 53
List the prime factors of 65438.
2, 32719
What are the prime factors of 73047?
3, 13, 1873
List the prime factors of 6221.
6221
What are the prime factors of 21849?
3, 7283
What are the prime factors of 3785?
5, 757
What are the prime factors of 14916?
2, 3, 11, 113
What are the prime factors of 25085?
5, 29, 173
What are the prime factors of 374?
2, 11, 17
What are the prime factors of 8111?
8111
List the prime factors of 7651.
7, 1093
What are the prime factors of 155806?
2, 7, 31, 359
List the prime factors of 1267.
7, 181
What are the prime factors of 2496?
2, 3, 13
What are the prime factors of 20595?
3, 5, 1373
List the prime factors of 152.
2, 19
List the prime factors of 17054.
2, 8527
List the prime factors of 43696.
2, 2731
What are the prime factors of 5449?
5449
What are the prime factors of 2038?
2, 1019
What are the prime factors of 90?
2, 3, 5
List the prime factors of 2579.
2579
What are the prime factors of 1746?
2, 3, 97
What are the prime factors of 212?
2, 53
What are the prime factors of 18057?
3, 13, 463
What are the prime factors of 483?
3, 7, 23
What are the prime factors of 10515?
3, 5, 701
What are the prime factors of 510?
2, 3, 5, 17
What are the prime factors of 1736?
2, 7, 31
What are the prime factors of 134714?
2, 193, 349
What are the prime factors of 3168?
2, 3, 11
What are the prime factors of 3560?
2, 5, 89
What are the prime factors of 1850?
2, 5, 37
List the prime factors of 86930.
2, 5, 8693
What are the prime factors of 1400?
2, 5, 7
What are the prime factors of 78190?
2, 5, 7, 1117
List the prime factors of 43883.
7, 6269
List the prime factors of 7097.
47, 151
What are the prime factors of 311?
311
List the prime factors of 2195.
5, 439
What are the prime factors of 105198?
2, 3, 89, 197
List the prime factors of 15746.
2, 7873
List the prime factors of 9760.
2, 5, 61
What are the prime factors of 3654?
2, 3, 7, 29
What are the prime factors of 1091?
1091
What are the prime factors of 9786?
2, 3, 7, 233
What are the prime factors of 7035?
3, 5, 7, 67
List the prime factors of 236.
2, 59
What are the prime factors of 20045?
5, 19, 211
List the prime factors of 344.
2, 43
List the prime factors of 3046.
2, 1523
List the prime factors of 1279.
1279
What are the prime factors of 9809?
17, 577
List the prime factors of 571.
571
What are the prime factors of 35960?
2, 5, 29, 31
List the prime factors of 24788.
2, 6197
List the prime factors of 25019.
127, 197
What are the prime factors of 1212?
2, 3, 101
What are the prime factors of 147?
3, 7
What are the prime factors of 11730?
2, 3, 5, 17, 23
What are the prime factors of 45208?
2, 5651
What are the prime factors of 18631?
31, 601
List the prime factors of 34809.
3, 41, 283
List the prime factors of 123.
3, 41
What are the prime factors of 68934?
2, 3, 11489
What are the prime factors of 1724?
2, 431
What are the prime factors of 42523?
13, 3271
What are the prime factors of 10230?
2, 3, 5, 11, 31
What are the prime factors of 1433?
1433
What are the prime factors of 36040?
2, 5, 17, 53
What are the prime factors of 18628?
2, 4657
What are the prime factors of 1225?
5, 7
What are the prime factors of 15665?
5, 13, 241
What are the prime factors of 773?
773
List the prime factors of 1647.
3, 61
List the prime factors of 384.
2, 3
What are the prime factors of 3079?
3079
List the prime factors of 81196.
2, 53, 383
List the prime factors of 15545.
5, 3109
List the prime factors of 65326.
2, 89, 367
List the prime factors of 5960.
2, 5, 149
List the prime factors of 60856.
2, 7607
List the prime factors of 8025.
3, 5, 107
What are the prime factors of 7103?
7103
What are the prime factors of 100130?
2, 5, 17, 19, 31
What are the prime factors of 1854?
2, 3, 103
What are the prime f